der when 78 is divided by 4 - (7 + -4) - (f + -17).
18
Let w = 303 - 289. Calculate the remainder when 552/10 + (-2)/10 is divided by w.
13
Suppose -11 = f - 24. What is the remainder when 101 is divided by f?
10
Calculate the remainder when 84/8*(18 + -4 + 0) is divided by 37.
36
Suppose -3*x - 72 = -5*x. What is the remainder when 465 is divided by x?
33
Suppose 2*x - 220 = -82. Suppose -h - 3*b + 21 = 0, h - 2*b = -4*h + 88. What is the remainder when x is divided by h?
15
Suppose 0 = -3*t + t + 4. Suppose i = t*i. Suppose i*v - 3*v + 12 = 0. What is the remainder when 14 is divided by v?
2
Let k(z) = -5*z**3 + 144*z**2 + 31*z - 39. Suppose -22 - 22 = -4*n. What is the remainder when k(29) is divided by n?
8
Suppose 0 = -9*m + 5*m + 80. Let g = -13 + m. Calculate the remainder when 25 is divided by g.
4
Let a = 21 - 15. Suppose g + 24 = -g. Let x = 10 - g. Calculate the remainder when x is divided by a.
4
Suppose -v - 3*n = 2*n - 5, 2*v - 15 = -5*n. Suppose 5*p + 2*j = 13, -j = p + 4*j + 2. What is the remainder when v is divided by p?
1
Let g(r) = r + 6. Let d be g(-7). Let a be (-232)/d - (-5 + 7). Suppose a = 5*s - 0*i + 2*i, 0 = -i + 5. What is the remainder when s is divided by 23?
21
Suppose -4*p + 19 = -185. Suppose 4*s + 1 = -5*x + 27, -2*s = -4*x - 26. Suppose -2*c = -s - 17. Calculate the remainder when p is divided by c.
12
Let l be ((-1)/((-6)/(-21)))/(1/(-2)). Suppose -5*v + 64 = 3*x, 9*v = l*v + 2*x + 16. What is the remainder when 30 is divided by v?
8
Let q(p) = p**3 - 4*p**2 + 4*p. Let r(f) be the second derivative of 4*f**3/3 - 29*f**2 + 14*f. What is the remainder when r(9) is divided by q(3)?
2
Calculate the remainder when 1146/7 + (-386)/(-1351) is divided by 79.
6
Suppose 5*w - 129 = -4*p, 16 = 5*w + 31. Calculate the remainder when 429 is divided by p.
33
Suppose 936 - 1008 = -6*f. Suppose 3*o = 102 + 105. Let w = 115 - o. What is the remainder when w is divided by f?
10
Let w = -5975 - -5997. Let j(l) = l**3 - 2*l + 3. What is the remainder when j(4) is divided by w?
15
Suppose 2*v - 9 = 1. Suppose v*w - 2*y - 122 = 0, 3*w + 2*w - 110 = 5*y. Calculate the remainder when 128 is divided by w.
24
Let b = 25 + -11. Let a = b + 2. What is the remainder when a is divided by 9?
7
What is the remainder when ((-28)/49)/(14/(-637)) is divided by 12?
2
Suppose 0 = -3*v - 0*v. Suppose w - 5 = -v*w. Suppose -w*l + 19 = -41. What is the remainder when 33 is divided by l?
9
Suppose 4*k + 35*b - 33*b = 450, 0 = -5*k + 3*b + 568. Calculate the remainder when k is divided by 39.
35
Suppose 2*l - 97 = 2*z - 21, 4*l - 162 = -z. What is the remainder when l is divided by 26?
14
Let v be 6/4*4/3. Suppose -v*o + 9 = 3. Let p = 17 + -6. Calculate the remainder when p is divided by o.
2
Suppose u + 3 = 0, -2*u + 242 = 6*t - 2*t. What is the remainder when t is divided by 32?
30
Let y be (-8)/4 - (-1 + 0). What is the remainder when (122/(-4))/(y/2) is divided by (8/20 - 146/(-10)) + 1?
13
Suppose 4*l = 58 - 6. Let o = 71 + -51. Calculate the remainder when (o/2)/(4/20) is divided by l.
11
Let c(l) = -l + 9. Let w be c(-14). Suppose -5*q + 2*t = -w, 5 = 2*q - 2*t - 3. Calculate the remainder when 626/8 - q/20 is divided by 20.
18
Let g = 6 - 12. Let z(k) = -k + 2. Calculate the remainder when z(-6) is divided by (3 - 4) + g/(-1).
3
Suppose 1270*p + 124 = 1272*p. Calculate the remainder when p is divided by 31.
0
Let b = -76 + 241. Suppose -5*j + b = -2*j. Let s = -12 + 31. Calculate the remainder when j is divided by s.
17
Let i = 25 - 18. Let z = -152 - -155. Calculate the remainder when i is divided by z.
1
Suppose 680 = -5*p + 5*r, 5*p + 553 = p + r. Let u = p - -155. Calculate the remainder when 79 is divided by u.
15
Suppose -1349*v + 162 = -1340*v. Calculate the remainder when 28 is divided by v.
10
Let v(u) = -u**2 + 7*u + 113. Let b be v(14). Let x(g) = -6*g - 4. Let w be x(-6). Suppose y - w = b. What is the remainder when y is divided by 12?
11
Let h(c) be the first derivative of c**2/2 - 3*c + 5. Let d be h(-3). Let f(t) = t**2 - 8. Calculate the remainder when f(d) is divided by 16.
12
Suppose -658 = -21*c + 182. Calculate the remainder when c is divided by 9.
4
Let x(n) = -3*n**2 + 2*n + 3. Let s be x(4). Let f = s + 78. What is the remainder when f is divided by 9?
5
Suppose 0 = 5*c - 3*c - 170. Suppose -10*x + c = -5*x. What is the remainder when 65 is divided by x?
14
Let z = 138 + -83. Suppose -5*c + z = u, -6*c + 2*u + 55 = -c. Calculate the remainder when 19 is divided by c.
8
Suppose 5*z = -416 + 1161. Suppose 0 = 5*w - z + 4. Let m(l) = 10*l**2 + 2*l + 2. What is the remainder when m(-3) is divided by w?
28
Let n(a) = a**3 - 7*a**2 + 6. Let q be n(7). Suppose -u - 70 = -q*u. Calculate the remainder when u is divided by 8.
6
Let j(n) = -n + 11. Let g be j(12). Calculate the remainder when g - -1 - 1*-30 is divided by 8.
6
Let a(b) = 3*b**2 + 4*b + 3. Let p be a(-3). Let y = 19 - p. Calculate the remainder when 21 is divided by y*4 - 32/(-8).
5
Let d = -804 + 856. Calculate the remainder when 362 is divided by d.
50
Suppose 341 = 11*n - 55. Suppose o - n = -4*c + c, o + 68 = 5*c. What is the remainder when c is divided by 10?
3
Let g(o) be the first derivative of -o**4/4 - 3*o**3 - 5*o**2 + 11*o + 9. Let h be g(-8). Let u = -22 + h. Calculate the remainder when u is divided by 2.
1
Calculate the remainder when 12 - 12 - -49*1 is divided by 4.
1
What is the remainder when ((-267)/(-4))/((-48)/(-256)) is divided by 26?
18
Calculate the remainder when (-1)/(13/(1352/(-4))) is divided by 25.
1
Let b(c) = -49*c**3 - c**2 - 15*c - 14. Suppose -130 = -5*j + 5*f, -51 = -3*j - 3*f + 21. Calculate the remainder when b(-1) is divided by j.
24
Let o be (-4)/((-12)/75) + 1*-3. Let k be 1*(-3 - -2 - 0). Let b = o + k. What is the remainder when 39 is divided by b?
18
Calculate the remainder when 162 is divided by 0 - (3 + -6 + -3 + -6).
6
Suppose 5*a = 67 + 8. What is the remainder when a is divided by (6/10)/(6/90)?
6
Suppose 3*c + 28 = z, 4*z = 4*c + 154 - 34. Let v = -22 + z. Let h = 16 - 10. Calculate the remainder when v is divided by h.
3
Let n = -24 - -49. What is the remainder when -3 + (375/(-6))/((-4)/8) is divided by n?
22
Suppose d - 11 = -5*g + 33, -3*g - 80 = -5*d. Let p = d - 10. Suppose 102 = 2*f + f. Calculate the remainder when f is divided by p.
7
Let w = -469 + 501. What is the remainder when 177 is divided by w?
17
Let p = 33 - 19. Suppose -m - 1 = -p. Calculate the remainder when 25 is divided by m.
12
Let c(f) = 3*f**2 + 44*f + 137. What is the remainder when 127 is divided by c(-11)?
15
Let c = -43 - -105. Let g = c - 0. Suppose 4*x + 1 - 65 = 0. What is the remainder when g is divided by x?
14
Suppose -7 = k - w + 7, 2*k + 5*w = 7. Let n(b) = b**3 + 8*b**2 - 9*b + 4. Let u be n(k). Let h = 17 - u. What is the remainder when 25 is divided by h?
12
Calculate the remainder when (37 + -35 + (-12)/5)*-605 is divided by 64.
50
Let d = -288 + 318. Let c(i) = i**3 + 5*i**2 + 3*i + 4. What is the remainder when d is divided by c(-4)?
6
Suppose 0 = 2*r + 5*i + 5, 7*i = 4*r + 3*i - 32. Suppose -2*c = -19 - r. What is the remainder when c is divided by 4?
0
Suppose -3*b - 3 + 18 = 0. Suppose -b*n = -23 - 12. Suppose 2*t - 24 = -0*t. Calculate the remainder when t is divided by n.
5
Suppose 0 = u + 12*u - 1755. Let k = 24 + 4. Calculate the remainder when u is divided by k.
23
Suppose 2*v - 5*j = 2 - 3, -5*j + 5 = 0. Suppose -47 = v*d - 161. Let x = 66 + -56. What is the remainder when d is divided by x?
7
Let n be (-130)/4*48/(-60). What is the remainder when 50 is divided by n*-1*(-3 - -2)?
24
Let w(m) = 7*m - 56. Let o be w(17). Let n = -36 + o. Calculate the remainder when n is divided by 10.
7
Let a be (2/5)/((-4)/20). What is the remainder when (-65)/(-6) + 6/36 is divided by a/(0 - 4/14)?
4
Suppose 5*l = -3*m + 133, -66 = -m - 11*l + 5*l. Calculate the remainder when 176 is divided by m.
32
Let c = -711 - -715. Suppose 4*i = 16, -3*b + 3*i + 15 = -48. Calculate the remainder when b is divided by c.
1
Let f(q) = -25*q - 29. Let g = -325 + 552. Calculate the remainder when g is divided by f(-3).
43
Let j be 2/(2/(-3)) + 3. Suppose -19 + 11 = -2*g. Suppose -2*z = n - 20, 3*n - g*z = -j*n + 40. What is the remainder w